k) be the first derivative of -k**2 - 6*k - 3. Suppose -3*x - 2 = -4*x. What is the remainder when u(-5) is divided by x?
0
Let h(r) = -r**2 - 13*r - 12. What is the remainder when (-3 + 0)/((-21)/574) is divided by h(-8)?
26
Let t = -161 + 260. Calculate the remainder when t is divided by 25.
24
Calculate the remainder when -1*(-4)/4*7 is divided by 2.
1
Let o(k) = 50*k**2 + k - 1. What is the remainder when 195 is divided by o(1)?
45
Suppose -4*w = 8*n - 3*n + 16, -2*n - 4*w - 4 = 0. Suppose -2 = -5*s + 53. Calculate the remainder when s is divided by (-24)/n + (0 - 0).
5
Let u = -36 - -17. Let w = 35 - u. What is the remainder when w is divided by 11?
10
Let k = -27 - -16. Let j = 0 - k. What is the remainder when 21 is divided by j?
10
Let p(l) = l - 3. Let m be p(6). Let d(h) = -2 + 5 + 6*h + m + h**2. Calculate the remainder when 16 is divided by d(-6).
4
Let q = -40 + 59. Calculate the remainder when 90 is divided by q.
14
Let g(v) = 2*v**2 - 8*v + 4. Let u be g(8). Suppose 0 = 3*j + 20 - u. What is the remainder when 29 is divided by j?
13
Suppose v - 2*d + 9 = 0, -3*v + 4*d = 3*d + 7. What is the remainder when 10 - -2 - 0/v is divided by 5?
2
Suppose 5*u - 6 = 19. Let w(b) = 4*b**2 - 2. What is the remainder when w(-2) is divided by u?
4
Let v(l) = l**3 + 9*l**2 + 2*l + 9. Let b be (-7 + -1)*5/5. What is the remainder when v(b) is divided by 15?
12
Let i = -3 - -5. Let l(m) = 33*m + 1. Let r be l(i). Suppose -5*g + 3*h - 14 = -r, 3*h = -g + 25. What is the remainder when g is divided by 5?
3
Suppose -2*f + 3 = -3. Suppose u - 2 = 2. Calculate the remainder when (u/(-6))/((-1)/f) is divided by 1.
0
Suppose -2*h + 14 = 2*y, -5*y + 28 = -3*h + 9. What is the remainder when 7 is divided by y?
2
Let x = -11 + -3. Suppose g + 2*g - 124 = -5*h, -2*g - 5*h = -86. Calculate the remainder when g is divided by (1 + 0)/(-1) - x.
12
Let s be (-8)/(-6) - (-2)/(-6). What is the remainder when 172/6 - 2/3 is divided by (10/3)/(s/3)?
8
Let d be (-4)/(-6) - (-28)/(-6). Let n = 1 - d. Suppose -37 = -n*w + 2*m - 3, 3*w + 3*m - 33 = 0. What is the remainder when 14 is divided by w?
6
Suppose 3*l - 12 = -0*l. Suppose -g - 5*w = -23, g + 5*w = -l*g + 55. Suppose 3*a - 22 - 17 = 0. What is the remainder when a is divided by g?
5
Let t(o) = o + 9. Suppose 5*u + 10 = h - 15, 5*h = -2*u + 17. Suppose 2*k - h - 11 = 0. What is the remainder when k is divided by t(-6)?
2
Suppose y + 5*n = -14, -5*n = -3*y - 6*n + 28. Let p = -9 + y. What is the remainder when 2 is divided by p?
0
Let z(i) be the third derivative of 0*i + 1/6*i**3 + 0 - 2*i**2 + 23/24*i**4. What is the remainder when z(2) is divided by 16?
15
Let s(n) = -n**2 - 12*n - 8. What is the remainder when 47 is divided by s(-8)?
23
Let i(k) = -k**3 - k**2 + 13. Let u(g) = -2*g + 38. What is the remainder when u(0) is divided by i(0)?
12
Let i(m) = 160*m + 1. What is the remainder when i(1) is divided by 54?
53
Let s be -3*(2 - 23/(-3)). Let u = s - -51. Calculate the remainder when 42 is divided by u.
20
Let q(l) = 3*l**2 - 19*l - 16. Calculate the remainder when q(12) is divided by 27.
26
Suppose -t = -2*t + 3. Suppose -t*f + 8 = -f. What is the remainder when 11 is divided by f?
3
Suppose -3*z - 34 = -55. What is the remainder when 18 is divided by z?
4
Let g(r) = -r**2 - 6*r + 6. Let m be 2*9/24*-8. What is the remainder when 11 is divided by g(m)?
5
Let c(w) = w + 27. What is the remainder when 98 is divided by c(-18)?
8
Suppose 2*v - a + 57 = 3*v, 4*a - 112 = -2*v. Let p = -17 + 17. Suppose 80 = 4*u - p*u. Calculate the remainder when v is divided by u.
18
Let i = -17 - -28. What is the remainder when i is divided by 6?
5
Suppose -3*t - 44 = -7*t. Let s = -8 + t. Calculate the remainder when 8 is divided by s.
2
Let g = -9 + 14. Suppose g = -0*m + m. What is the remainder when 8 is divided by m?
3
Suppose 0 = -2*j - 4*o + 70, 4*j - 2*o = -o + 122. Suppose -5*l + j = 2*u, l + 16 = 2*u + 3*l. What is the remainder when 7 is divided by u?
1
Let v = -15 + 9. Let p = v + 18. Calculate the remainder when p is divided by (2/(-3))/(2/(-21)).
5
Let o(n) = -3*n**2 - 18*n + 9. What is the remainder when 95 is divided by o(-5)?
23
Calculate the remainder when (-290)/(-9) - (-18)/(-81) is divided by 6.
2
Let w = 15 + -7. Let a = 58 + -46. What is the remainder when a is divided by w?
4
Let q(h) = 5*h + 8. Let f(z) = -11*z - 17. Let v(p) = -6*f(p) - 13*q(p). Calculate the remainder when 18 is divided by v(7).
3
Suppose 2*s + 34 = 4*q, -q = s - 5*s - 26. Calculate the remainder when 23 is divided by q.
5
Let j = 10 - 6. Calculate the remainder when 2/(-3) + 282/18 is divided by j.
3
Let u(o) = o**2 - 3*o - 2. Let k be u(5). Let s = -8 + k. Suppose s*q + 8 = 2*q. Calculate the remainder when 10 is divided by q.
2
Let g(n) = n**2 + 6*n - 3. Suppose -5*w + 2*l = 41, 4*w + 0*l - l + 31 = 0. Let z be g(w). Calculate the remainder when 8 is divided by (3 - z)/((-2)/6).
2
Suppose o - 2*o = -39. What is the remainder when 154 is divided by o?
37
Suppose -p = -3*p + 2. Let b = p - -3. Calculate the remainder when 14 is divided by b.
2
Suppose -8*w + 154 = -190. Calculate the remainder when 169 is divided by w.
40
Let r be 0*2/6*-1. Suppose w + 4*b - 145 = r, -3*w - b = -3*b - 379. Calculate the remainder when w is divided by 33.
30
Suppose 2*o - 25 = -5*k, 0*k = 2*o + k - 13. Let j(v) = 5*v + v**2 - v**2 + 2 + 2*v**2. What is the remainder when j(-4) is divided by o?
4
Suppose u + 0 = 1. Let i = 5 - u. Calculate the remainder when i is divided by 2.
0
Suppose 0 = 6*o + 50 - 224. Let p = 42 - o. Calculate the remainder when 49 is divided by p.
10
Suppose -4 = f, -68 = -3*w + 2*f + 42. Calculate the remainder when (3 + w/(-8))*-28 is divided by (-36)/10*10/(-3).
11
Let y = 14 - 9. Let a be -2*(0 - (-4)/(-2)). Let o = 13 - a. What is the remainder when o is divided by y?
4
Suppose -4*s + 0*s = 4, -2*b - 1 = s. What is the remainder when -1*(-70 - (0 - b)) is divided by 0 + 25 + 1 + -2?
22
Suppose 3*g - 9 = 2*j - 52, j + 4*g = 16. Let t(w) = w**2 + w + 57. Calculate the remainder when t(0) is divided by j.
17
Let v(m) = m + 43. Calculate the remainder when v(-21) is divided by 6.
4
Let w = -80 - -238. Suppose -5*x + w = -62. Calculate the remainder when x is divided by 15.
14
Let f(m) = m**2 - 30*m + 11. Let v be f(9). What is the remainder when v/(5/((-15)/6)) is divided by 23?
20
Let o(l) = 2*l**2 + 41*l + 9. Calculate the remainder when 86 is divided by o(-21).
26
Suppose 2*z + 49 + 3 = 0. Let r = z - -13. Let c = r - -26. Calculate the remainder when c is divided by 7.
6
Suppose -k + 50 = 4*k. Let x = k + -9. Calculate the remainder when 2 is divided by x.
0
Calculate the remainder when 22 is divided by (1/2)/(2/48).
10
Let w(q) = -9*q - 12. What is the remainder when 93 is divided by w(-4)?
21
Suppose 6*c - 72 = -0*c. Suppose -3*v + 47 = -2*v. What is the remainder when v is divided by c?
11
Suppose 3*j + 3*z = -z + 10, 2*j = 4*z. Suppose -j*x = -6*x + 104. Calculate the remainder when x is divided by 14.
12
Suppose -f - 5*q = -2*f + 2, -2*q = 4*f - 8. Suppose s - 5*s = u - 36, u + 18 = f*s. What is the remainder when s is divided by 3?
0
Suppose 4*p - 5 - 3 = 0. Calculate the remainder when (10*1)/(26 - 24) is divided by p.
1
Suppose 0 = -6*h + 2*h + 2*o + 544, 5*o + 550 = 4*h. Calculate the remainder when h is divided by 34.
33
Let t(p) = -p + 1. Let f be t(1). Suppose c - 4 - 5 = f. Let m = -47 + 81. Calculate the remainder when m is divided by c.
7
Suppose -3*l + 25 = -5*c - 12, 0 = -l + 3*c + 19. Suppose -l*p - 3*f = -34, -p + 20 = p + 3*f. What is the remainder when p is divided by 3?
1
Suppose 6*b - 2*b + 173 = 5*a, -2*b + 6 = 0. Let j = 38 + -18. Calculate the remainder when a is divided by j.
17
Let d be 42/4*14/3. Let h be 1/7 - (-1904)/d. Suppose -4*x + h = -x. Calculate the remainder when 24 is divided by x.
11
Let o(x) = 14*x. Suppose -5*g + 10 = 2*s, g - 3*s + 13 = -2. Suppose g = -3*y - 2*y + 205. Calculate the remainder when y is divided by o(1).
13
Let a = 97 + -68. Let d = 101 - a. Suppose 36 = 3*u - d. Calculate the remainder when u is divided by 19.
17
Let d(i) = i**2 - 3*i - 7. Let y = 8 - 3. Let z be d(y). Suppose 35 = 2*s + z*n - 39, 0 = 5*s + 4*n - 185. Calculate the remainder when s is divide